ctors of 3299371.
137, 24083
List the prime factors of 474132.
2, 3, 39511
What are the prime factors of 117785?
5, 23557
What are the prime factors of 249753?
3, 7, 1699
List the prime factors of 9772214.
2, 347, 14081
What are the prime factors of 2377101?
3, 29, 89, 307
What are the prime factors of 3705411?
3, 1235137
What are the prime factors of 77946?
2, 3, 11, 1181
List the prime factors of 45258.
2, 3, 19, 397
List the prime factors of 1033995.
3, 5, 29, 2377
List the prime factors of 42858.
2, 3, 2381
List the prime factors of 3332107.
3332107
List the prime factors of 204904.
2, 7, 3659
What are the prime factors of 4482370?
2, 5, 97, 4621
What are the prime factors of 902394?
2, 3, 17, 983
List the prime factors of 539172.
2, 3, 17, 881
What are the prime factors of 10654317?
3, 1183813
What are the prime factors of 263541?
3, 107, 821
List the prime factors of 3110786.
2, 7, 222199
What are the prime factors of 43767?
3, 1621
What are the prime factors of 8484300?
2, 3, 5, 11, 857
List the prime factors of 8193160.
2, 5, 257, 797
What are the prime factors of 7335151?
307, 23893
What are the prime factors of 28221730?
2, 5, 1009, 2797
List the prime factors of 414888.
2, 3, 59, 293
What are the prime factors of 1671586?
2, 7, 37, 461
What are the prime factors of 4952824?
2, 137, 4519
List the prime factors of 6647295.
3, 5, 443153
List the prime factors of 6830106.
2, 3, 31, 36721
What are the prime factors of 1006043?
17, 23, 31, 83
What are the prime factors of 3139648?
2, 49057
What are the prime factors of 137743?
137743
What are the prime factors of 127642?
2, 19, 3359
What are the prime factors of 1966269?
3, 163, 4021
List the prime factors of 457576.
2, 7, 8171
What are the prime factors of 479185?
5, 7, 13691
List the prime factors of 783862.
2, 337, 1163
What are the prime factors of 691673?
113, 6121
What are the prime factors of 1322869?
1322869
List the prime factors of 178806.
2, 3, 17, 1753
List the prime factors of 2012395.
5, 7, 11, 5227
List the prime factors of 7740183.
3, 11, 79, 2969
What are the prime factors of 2248753?
13, 172981
List the prime factors of 2808523.
19, 53, 2789
What are the prime factors of 368156?
2, 31, 2969
List the prime factors of 240198.
2, 3, 7, 19, 43
What are the prime factors of 1386044?
2, 11, 17, 109
List the prime factors of 8188648.
2, 13, 78737
List the prime factors of 440775.
3, 5, 653
What are the prime factors of 2094733?
379, 5527
List the prime factors of 429079.
7, 61297
What are the prime factors of 85924?
2, 21481
What are the prime factors of 18578391?
3, 13, 476369
What are the prime factors of 2929645?
5, 59, 9931
List the prime factors of 3153289.
31, 101719
List the prime factors of 322247.
322247
What are the prime factors of 285873?
3, 7, 13613
What are the prime factors of 890217?
3, 32971
What are the prime factors of 901318?
2, 11, 53, 773
List the prime factors of 10486246.
2, 17, 31, 9949
What are the prime factors of 99745?
5, 19949
What are the prime factors of 326562?
2, 3, 37, 1471
What are the prime factors of 13660538?
2, 53, 128873
List the prime factors of 62952.
2, 3, 43, 61
What are the prime factors of 7843299?
3, 23, 71, 1601
List the prime factors of 1388230.
2, 5, 29, 4787
List the prime factors of 361838.
2, 227, 797
What are the prime factors of 165937?
17, 43, 227
List the prime factors of 17546346.
2, 3, 17, 3373
What are the prime factors of 6558898?
2, 67, 48947
List the prime factors of 348019.
7, 83, 599
What are the prime factors of 304799?
11, 229
What are the prime factors of 2355404?
2, 103, 5717
What are the prime factors of 123467?
311, 397
What are the prime factors of 55009?
55009
What are the prime factors of 151237?
151237
List the prime factors of 20629.
7, 421
What are the prime factors of 2291010?
2, 3, 5, 76367
List the prime factors of 739785.
3, 5, 149, 331
List the prime factors of 7856474.
2, 127, 30931
What are the prime factors of 2330945?
5, 311, 1499
What are the prime factors of 11644884?
2, 3, 127, 283
List the prime factors of 624393.
3, 7, 11, 17, 53
What are the prime factors of 7995310?
2, 5, 71, 11261
What are the prime factors of 3742568?
2, 31, 15091
What are the prime factors of 101807?
101807
What are the prime factors of 1727977?
83, 109, 191
What are the prime factors of 86322?
2, 3, 14387
List the prime factors of 371948.
2, 92987
What are the prime factors of 9497462?
2, 13, 28099
What are the prime factors of 5314415?
5, 353, 3011
List the prime factors of 137400.
2, 3, 5, 229
List the prime factors of 630098.
2, 7, 45007
List the prime factors of 51370.
2, 5, 11, 467
What are the prime factors of 1080760?
2, 5, 41, 659
List the prime factors of 1133283.
3, 377761
List the prime factors of 1473921.
3, 389, 421
What are the prime factors of 72199?
17, 31, 137
What are the prime factors of 1871398?
2, 935699
List the prime factors of 2994300.
2, 3, 5, 1109
List the prime factors of 93526.
2, 101, 463
List the prime factors of 62420.
2, 5, 3121
What are the prime factors of 2214997?
2214997
List the prime factors of 27665895.
3, 5, 23, 80191
What are the prime factors of 32116957?
32116957
List the prime factors of 7197668.
2, 1799417
What are the prime factors of 1185760?
2, 5, 7411
List the prime factors of 63436.
2, 15859
List the prime factors of 211623.
3, 23, 3067
What are the prime factors of 42959?
7, 17, 19
What are the prime factors of 90925?
5, 3637
List the prime factors of 4017492.
2, 3, 37199
What are the prime factors of 1687842?
2, 3, 13, 7213
List the prime factors of 7362110.
2, 5, 7, 105173
What are the prime factors of 3103296?
2, 3, 7, 2309
List the prime factors of 7179553.
7179553
List the prime factors of 312773.
312773
What are the prime factors of 13326684?
2, 3, 7, 59, 2689
What are the prime factors of 1556777?
199, 7823
What are the prime factors of 1850781?
3, 41, 367
List the prime factors of 10859689.
10859689
List the prime factors of 38612.
2, 7, 197
List the prime factors of 14615801.
17, 131, 6563
What are the prime factors of 7863590?
2, 5, 7, 112337
List the prime factors of 54982.
2, 37, 743
List the prime factors of 834652.
2, 7, 13, 2293
What are the prime factors of 1658158?
2, 53, 15643
What are the prime factors of 311969?
7, 41, 1087
List the prime factors of 196164.
2, 3, 5449
What are the prime factors of 71377?
137, 521
What are the prime factors of 26789226?
2, 3, 809, 5519
List the prime factors of 120741.
3, 167, 241
List the prime factors of 853334.
2, 131, 3257
What are the prime factors of 7412510?
2, 5, 7, 17, 6229
List the prime factors of 8428269.
3, 2809423
List the prime factors of 4753.
7, 97
List the prime factors of 5592537.
3, 43, 4817
List the prime factors of 191615.
5, 19, 2017
What are the prime factors of 74662?
2, 7, 5333
List the prime factors of 158363.
158363
List the prime factors of 156798.
2, 3, 31, 281
List the prime factors of 1225332.
2, 3, 101, 337
List the prime factors of 56033.
137, 409
What are the prime factors of 96755?
5, 37, 523
What are the prime factors of 8590064?
2, 7, 76697
What are the prime factors of 64914?
2, 3, 31, 349
What are the prime factors of 893864?
2, 111733
What are the prime factors of 571154?
2, 353, 809
What are the prime factors of 262146?
2, 3, 43691
List the prime factors of 5500687.
137, 40151
List the prime factors of 2518012.
2, 7, 29, 443
List the prime factors of 694356.
2, 3, 13, 4451
List the prime factors of 425171.
227, 1873
What are the prime factors of 1561143?
3, 520381
List the prime factors of 14064566.
2, 7032283
What are the prime factors of 444336?
2, 3, 9257
What are the prime factors of 690189?
3, 230063
List the prime factors of 1766910.
2, 3, 5, 58897
What are the prime factors of 5508050?
2, 5, 110161
List the prime factors of 1796658.
2, 3, 251, 1193
What are the prime factors of 595137?
3, 19, 53, 197
List the prime factors of 12984691.
31, 418861
What are the prime factors of 298682?
2, 149341
What are the prime factors of 21100896?
2, 3, 41, 1787
List the prime factors of 13511272.
2, 1688909
What are the prime factors of 788?
2, 197
What are the prime factors of 492407?
23, 79, 271
List the prime factors of 254126.
2, 61, 2083
What are the prime factors of 5